.
10
Suppose -2*y = -29 + 21. Calculate the remainder when y is divided by 3.
1
Suppose 0 = -0*c - 4*c + 12. Let r(g) = 2*g - 4. Let p be r(c). Suppose -5 - 15 = -p*k. Calculate the remainder when k is divided by 4.
2
Let b(a) = -a**3 - 2*a**2 + 2*a - 13. Let m be b(-4). Suppose -4*o = -o + 18. Let n = o + m. What is the remainder when 13 is divided by n?
3
Let o(v) = -v**3 - 5*v**2 + 14*v + 7. Suppose 0*h = 5*h - 25. What is the remainder when o(-7) is divided by h?
2
Suppose -3*n + 13 = 1. Suppose 3*r - 163 = d, -5*r = n*d - 196 - 53. What is the remainder when r is divided by 14?
11
Let o(g) = -g**3 - 13*g**2 - 20*g - 27. Calculate the remainder when o(-12) is divided by 12.
9
Let b(s) = s**2 + 4*s + 2. Let z be b(-4). Let l(u) = 2*u - 6. Let v(n) = n - 5. Let f(j) = 6*l(j) - 7*v(j). Calculate the remainder when 16 is divided by f(z).
7
Calculate the remainder when 31 is divided by ((-19)/2)/(-3 - 10/(-4)).
12
Suppose 2*i - 5*i = -180. Calculate the remainder when i is divided by 21.
18
Let l(n) = -49*n**2 + 7*n - 5. Let d(h) = 25*h**2 - 4*h + 3. Let t(c) = -5*d(c) - 3*l(c). What is the remainder when t(-1) is divided by 23/3 + (-2)/(-6)?
7
Suppose -53*m + 57*m = 132. Calculate the remainder when 96 is divided by m.
30
Let h(m) = 2*m**3 - 4*m**2 + m - 4. Let f = -4 + 6. Suppose -7 = -l + f. Calculate the remainder when h(3) is divided by l.
8
Let i be (4/10)/((-6)/(-15)). Let b = 26 - i. Let f(a) = 24*a. What is the remainder when f(2) is divided by b?
23
Suppose -z - f = -12, 41 = 3*z - 2*f + 6*f. What is the remainder when 9 is divided by z?
2
Let d be -11 - (-2)/2*-3. Let f = d + 29. Calculate the remainder when f is divided by 9.
6
Let d = -34 + 40. What is the remainder when 21 is divided by d?
3
Suppose 3*t - 2 = 4. Let o be t/(-9) + 790/(-9). What is the remainder when 4/(-14) - o/14 is divided by 4?
2
Suppose 143 = 4*t + 15. What is the remainder when t is divided by 12?
8
Suppose -11*b = 120 - 1363. Calculate the remainder when b is divided by 23.
21
Let r = -83 - -146. What is the remainder when r is divided by 33?
30
Calculate the remainder when 81 is divided by (-3103)/(-145) + (-4)/10.
18
Let x(z) = z**2 + 1. Let d(q) = -9*q**2 + q - 4. Suppose -a = -6*a - 5. Let o(n) = a*d(n) - 2*x(n). What is the remainder when o(-2) is divided by 17?
15
Calculate the remainder when 10/(-25) + 284/10 is divided by 8.
4
Let c = -1 + 1. Suppose 3*u + 4 = -g + 12, 4*u - 2*g - 4 = 0. Suppose c = r - u - 15. Calculate the remainder when 32 is divided by r.
15
Calculate the remainder when 4/22 + (-12035)/(-55) is divided by 37.
34
Suppose 0*x + 2*x - 4*d - 16 = 0, -5*x = -2*d - 48. Calculate the remainder when x is divided by (-1)/1*(-3 - 0).
1
Let u(k) = -10*k + 2. What is the remainder when u(-3) is divided by 7?
4
Let i be 1/(0 + -2 + 1). What is the remainder when (10 + 1)/(i/(-1)) is divided by 3?
2
Let f(q) = 10*q - 2. Let g be f(2). Suppose 0 = -v + 5 - 3. Calculate the remainder when v is divided by 22/g - 2/9.
0
Let p = -7 - -11. Suppose -3*t + 2*g + 40 = 0, -t - 2*g + 5 = -11. Calculate the remainder when t is divided by p.
2
Suppose 4*u = 8 + 8. Suppose n = u*k + 2*n - 196, -2*n - 8 = 0. Suppose 4*c - 47 - 5 = 0. What is the remainder when k is divided by c?
11
Let h be ((-14)/8)/(2/(-8)). Suppose -m + 3*c = -26, 3*m - 2*c + h*c - 8 = 0. What is the remainder when 19 is divided by m?
8
Let i(j) = j + 3. Let v be i(-6). Let k(h) = -5*h - 2. Calculate the remainder when k(-12) is divided by (v/6)/(1/(-40)).
18
Suppose 2*c + 111 = 5*w - 2*c, -w - 3*c = -26. Calculate the remainder when 43 is divided by w.
20
Let r(q) be the third derivative of -q**5/60 - 5*q**4/24 + q**3/6 - 5*q**2. Calculate the remainder when 17 is divided by r(-4).
2
Suppose 2*v - 31 = 3*f, -10 = -v - 2*f - 2*f. Calculate the remainder when v is divided by (-15)/(-2)*4/6.
4
Suppose -3*z - 4 = -z. Calculate the remainder when 38 is divided by 8 - (-1 - -1) - z.
8
Suppose 6*x - 5 = 7. What is the remainder when x is divided by 1?
0
What is the remainder when 55 is divided by (-6 - -2) + -2*92/(-8)?
17
Let h = -8 - -10. Suppose -27 = -3*t - 0*g + 4*g, -t = g - h. Suppose 2*m + 5*l = 1 - 12, -20 = -t*m - 3*l. What is the remainder when 19 is divided by m?
5
Let b = 5 - -18. Let v(m) be the third derivative of 17*m**4/6 - 2*m**2. What is the remainder when v(1) is divided by b?
22
Let w = 21 - 45. Let x = w + 36. What is the remainder when 33 is divided by x?
9
Let c be (-4)/(-1 + -1)*1. Suppose 0*z - 38 = c*z. Let i = -12 - z. Calculate the remainder when 13 is divided by i.
6
Suppose 0 = 7*k - 0*k - 455. Let s = 156 - k. What is the remainder when s is divided by 23?
22
Suppose 0 = m + q - 2, -3*q - q - 4 = m. Let b(o) = o + 3. What is the remainder when 27 is divided by b(m)?
6
Let i = -116 + 235. Calculate the remainder when i is divided by 30.
29
Suppose -5*y = i - 39, 0 = 5*y - 12*i + 8*i - 19. What is the remainder when 41 is divided by y?
6
Suppose -4*a + 34 + 50 = 0. Calculate the remainder when 37 is divided by a.
16
Let l = -6 - -9. Let i(j) = -j**2 - j - j - 1 - j**l + 4. Calculate the remainder when i(-3) is divided by 14.
13
Let q = -45 + 20. Let t = -10 - q. Let a = -7 + t. Calculate the remainder when 14 is divided by a.
6
Suppose 2*y = y. Suppose y*i = i - 3. Suppose -i*z = c + 2*z - 34, -4*c = -3*z - 67. What is the remainder when c is divided by 10?
9
Let l(u) = u**2 - 8*u - 6. Let p(k) = -5*k**2 + 33*k + 24. Let m(i) = 9*l(i) + 2*p(i). What is the remainder when 3 is divided by m(-4)?
1
Let t(w) = -w**3 - 7*w**2 + 8*w + 5. Suppose 21 = -2*g + 5. Calculate the remainder when (-3)/(6/(-16)*12/27) is divided by t(g).
3
Suppose 2*p + 65 = g - p, -5*p = -5*g + 285. What is the remainder when g is divided by 12?
5
Let u = -17 + 1. Let a = 34 + u. Calculate the remainder when 53 is divided by a.
17
Suppose 0 = p - 6 + 4. Suppose -p*g - g + 63 = 0. Calculate the remainder when 60 is divided by g.
18
Suppose 27 + 41 = 2*d. What is the remainder when d is divided by 6?
4
Let h = 3 - 15. What is the remainder when 40 is divided by 2/4 + (-162)/h?
12
Let t = 7 - 3. Calculate the remainder when 13 is divided by t.
1
Suppose 30 = -4*v - 2*k, 0 = -2*v + 2*k - 0*k - 18. Let p = v - -11. Calculate the remainder when 5 is divided by p.
2
Let l(q) = -q**2 - 6*q + 9. Let c(n) = n**2 + 8*n + 10. Calculate the remainder when l(-6) is divided by c(-7).
0
Let z be -3 + 0 + 2 + 1. What is the remainder when 1 is divided by z - (3 + -5) - 1?
0
Suppose -d = -2*d. Suppose n + n - 6 = d. Calculate the remainder when 4 is divided by n.
1
Suppose 0 = -2*a + 6*a - 12. Let d be ((-2)/a)/(4/(-204)). Suppose -3*r + 11 = -d. What is the remainder when 28 is divided by r?
13
Suppose 0 = -5*r - 3*j - 188, -5*r + j + 4*j - 180 = 0. Let y = -22 - r. What is the remainder when 59 is divided by y?
14
Suppose 0 = 10*f - 11*f + 4. What is the remainder when 17 is divided by f?
1
Let i(f) = -f**2 - 4*f. Let q be i(-3). Suppose -23 = -r + q. Calculate the remainder when r is divided by 9.
8
Let j(y) = y - 13. Let i be 1 - 18 - (-2 - -1). Let n = -5 - i. What is the remainder when n is divided by j(20)?
4
Suppose 2*u + 2 = -4*c - 6, -5*u = -3*c - 45. Calculate the remainder when u is divided by 1*((-2)/(-1) + 2).
2
Calculate the remainder when 31 is divided by (-6 - -6) + 16/2.
7
Suppose 6 = q - 3*b - 5, -5*q + 109 = 3*b. What is the remainder when 55 is divided by q?
15
Let i be 2/(-5) + 122/5. Let b = 36 - 24. What is the remainder when (1 - 3) + i/1 is divided by b?
10
Calculate the remainder when 5*10 + (-12 - -5) + 4 is divided by 12.
11
Let u = -47 - -102. Let n(k) = 6*k + 1. Let t be n(4). Suppose 9 = a + 5*y, 3*a - 3*y - t = 2*a. Calculate the remainder when u is divided by a.
17
Suppose -2*y + 164 = 7*h - 2*h, -5*h + 150 = -5*y. What is the remainder when 93 is divided by h?
29
Suppose -5*a = -94 - 26. Calculate the remainder when 71 is divided by a.
23
Suppose -5 = 2*g - 107. Let d = g - 33. Let c(x) = -27*x - 1. Calculate the remainder when c(-2) is divided by d.
17
Let v(j) = 2*j + 5. What is the remainder when v(11) is divided by 10?
7
Let k = -3 - -2. What is the remainder when 32 is divided by ((-1)/(k/(-11)))/(-1)?
10
Suppose 3*h + 7 - 28 = -3*d, -2*d + 4*h = -44. Suppose -6*n + d 